{"id":1275,"date":"2024-02-07T15:39:37","date_gmt":"2024-02-07T15:39:37","guid":{"rendered":"https:\/\/kodigodiprotekshon.com\/desaroyo-di-kapasidat\/"},"modified":"2024-04-02T21:48:07","modified_gmt":"2024-04-02T21:48:07","slug":"desaroyo-di-kapasidat","status":"publish","type":"page","link":"https:\/\/kodigodiprotekshon.com\/pap\/desaroyo-di-kapasidat\/","title":{"rendered":"Desaroyo di kapasidat"},"content":{"rendered":"<p>[et_pb_section fb_built=&#8221;1&#8243; _builder_version=&#8221;4.24.0&#8243; _module_preset=&#8221;default&#8221; custom_margin=&#8221;0px||0px||false|false&#8221; custom_padding=&#8221;0px||0px||false|false&#8221; global_colors_info=&#8221;{}&#8221;][et_pb_row column_structure=&#8221;1_4,1_2,1_4&#8243; _builder_version=&#8221;4.19.5&#8243; _module_preset=&#8221;default&#8221; background_color=&#8221;gcid-9835d93e-354f-4cfe-9358-96477f1560f9&#8243; width=&#8221;100%&#8221; custom_padding=&#8221;|30px||30px|false|true&#8221; global_colors_info=&#8221;{%22gcid-9835d93e-354f-4cfe-9358-96477f1560f9%22:%91%22background_color%22%93}&#8221;][et_pb_column type=&#8221;1_4&#8243; _builder_version=&#8221;4.19.5&#8243; _module_preset=&#8221;default&#8221; custom_padding=&#8221;30px|3%|30px|3%|true|true&#8221; global_colors_info=&#8221;{}&#8221;][\/et_pb_column][et_pb_column type=&#8221;1_2&#8243; _builder_version=&#8221;4.19.5&#8243; _module_preset=&#8221;default&#8221; custom_padding=&#8221;30px|0px|30px|0px|true|true&#8221; global_colors_info=&#8221;{}&#8221;][et_pb_text _builder_version=&#8221;4.24.0&#8243; _module_preset=&#8221;default&#8221; text_font_size=&#8221;16px&#8221; global_colors_info=&#8221;{}&#8221;]<\/p>\n<p>Profeshonalnan den v\u00e8lt ta w\u00f2rdu sosten\u00e9 na diferente manera den e introdukshon i aplikashon di e K\u00f3digo di Protekshon, entre otro dor di nombra Supervisornan di K\u00f3digo, organis\u00e1 treinennan, tayernan i seshonnan di informashon.<\/p>\n<p>[\/et_pb_text][\/et_pb_column][et_pb_column type=&#8221;1_4&#8243; _builder_version=&#8221;4.19.5&#8243; _module_preset=&#8221;default&#8221; custom_padding=&#8221;30px|0px|30px|0px|true|true&#8221; global_colors_info=&#8221;{}&#8221;][\/et_pb_column][\/et_pb_row][et_pb_row _builder_version=&#8221;4.24.0&#8243; _module_preset=&#8221;default&#8221; background_color=&#8221;gcid-9835d93e-354f-4cfe-9358-96477f1560f9&#8243; width=&#8221;100%&#8221; custom_margin=&#8221;0px||0px||false|false&#8221; custom_padding=&#8221;0px|30px|0px|30px|false|true&#8221; global_colors_info=&#8221;{%22gcid-9835d93e-354f-4cfe-9358-96477f1560f9%22:%91%22background_color%22%93}&#8221;][et_pb_column type=&#8221;4_4&#8243; _builder_version=&#8221;4.24.0&#8243; _module_preset=&#8221;default&#8221; custom_padding=&#8221;30px|3%|0px|3%|false|true&#8221; custom_padding_tablet=&#8221;0px|0%||0%|false|true&#8221; custom_padding_phone=&#8221;0px|0%||0%|false|true&#8221; custom_padding_last_edited=&#8221;on|tablet&#8221; global_colors_info=&#8221;{}&#8221;][et_pb_text _builder_version=&#8221;4.24.0&#8243; _module_preset=&#8221;default&#8221; global_colors_info=&#8221;{}&#8221;]<\/p>\n<h2>Supervisornan di k\u00f3digo <\/h2>\n<p>[\/et_pb_text][\/et_pb_column][\/et_pb_row][et_pb_row column_structure=&#8221;1_4,1_2,1_4&#8243; _builder_version=&#8221;4.24.0&#8243; _module_preset=&#8221;default&#8221; background_color=&#8221;gcid-9835d93e-354f-4cfe-9358-96477f1560f9&#8243; width=&#8221;100%&#8221; custom_padding=&#8221;0px|30px|0px|30px|false|true&#8221; global_colors_info=&#8221;{%22gcid-9835d93e-354f-4cfe-9358-96477f1560f9%22:%91%22background_color%22,%22background_color%22%93}&#8221;][et_pb_column type=&#8221;1_4&#8243; _builder_version=&#8221;4.19.5&#8243; _module_preset=&#8221;default&#8221; custom_padding=&#8221;30px|3%|0px|3%|false|true&#8221; custom_padding_tablet=&#8221;0px|0%||0%|false|true&#8221; custom_padding_phone=&#8221;0px|0%||0%|false|true&#8221; custom_padding_last_edited=&#8221;on|tablet&#8221; global_colors_info=&#8221;{}&#8221;][et_pb_image src=&#8221;https:\/\/kodigo.wp.kukiko.com\/wp-content\/uploads\/sites\/3\/2023\/02\/hulp1.jpg&#8221; title_text=&#8221;hulp1&#8243; _builder_version=&#8221;4.24.0&#8243; _module_preset=&#8221;default&#8221; width_tablet=&#8221;40%&#8221; width_phone=&#8221;60%&#8221; width_last_edited=&#8221;on|phone&#8221; global_colors_info=&#8221;{}&#8221;][\/et_pb_image][\/et_pb_column][et_pb_column type=&#8221;1_2&#8243; _builder_version=&#8221;4.19.5&#8243; _module_preset=&#8221;default&#8221; custom_padding=&#8221;30px|0px|30px|0px|true|true&#8221; global_colors_info=&#8221;{}&#8221;][et_pb_text _builder_version=&#8221;4.24.0&#8243; _module_preset=&#8221;default&#8221; text_font_size=&#8221;16px&#8221; header_6_font_size=&#8221;16px&#8221; global_colors_info=&#8221;{}&#8221;]<\/p>\n<p>E supervisor di k\u00f3digo den un organisashon ta un speshalista riba e tereno di maltrato di mucha i violensia relashonal i ta sosten\u00e9 koleganan pa inisi\u00e1 i aplik\u00e1 tur e pasonan di e K\u00f3digo di Protekshon. Kada organisashon ku ta legalmente oblig\u00e1 pa bai traha ku e K\u00f3digo di Protekshon, tin m\u00ednimo un supervisor di k\u00f3digo disponibel. <\/p>\n<p>[\/et_pb_text][\/et_pb_column][et_pb_column type=&#8221;1_4&#8243; _builder_version=&#8221;4.19.5&#8243; _module_preset=&#8221;default&#8221; custom_padding=&#8221;30px|3%|0px|3%|false|true&#8221; custom_padding_tablet=&#8221;0px|0%||0%|false|true&#8221; custom_padding_phone=&#8221;0px|0%||0%|false|true&#8221; custom_padding_last_edited=&#8221;on|tablet&#8221; global_colors_info=&#8221;{}&#8221;][\/et_pb_column][\/et_pb_row][et_pb_row _builder_version=&#8221;4.24.0&#8243; _module_preset=&#8221;default&#8221; background_color=&#8221;gcid-9835d93e-354f-4cfe-9358-96477f1560f9&#8243; width=&#8221;100%&#8221; custom_margin=&#8221;0px||0px||false|false&#8221; custom_padding=&#8221;0px|30px|0px|30px|false|true&#8221; global_colors_info=&#8221;{%22gcid-9835d93e-354f-4cfe-9358-96477f1560f9%22:%91%22background_color%22%93}&#8221;][et_pb_column type=&#8221;4_4&#8243; _builder_version=&#8221;4.24.0&#8243; _module_preset=&#8221;default&#8221; custom_padding=&#8221;30px|3%|0px|3%|false|true&#8221; custom_padding_tablet=&#8221;0px|0%||0%|false|true&#8221; custom_padding_phone=&#8221;0px|0%||0%|false|true&#8221; custom_padding_last_edited=&#8221;on|tablet&#8221; global_colors_info=&#8221;{}&#8221;][et_pb_text _builder_version=&#8221;4.24.0&#8243; _module_preset=&#8221;default&#8221; global_colors_info=&#8221;{}&#8221;]<\/p>\n<h2>Treinen, tayernan i seshonnan di informashon<\/h2>\n<p>[\/et_pb_text][\/et_pb_column][\/et_pb_row][et_pb_row column_structure=&#8221;1_4,1_2,1_4&#8243; _builder_version=&#8221;4.24.0&#8243; _module_preset=&#8221;default&#8221; background_color=&#8221;gcid-9835d93e-354f-4cfe-9358-96477f1560f9&#8243; width=&#8221;100%&#8221; custom_padding=&#8221;0px|30px|0px|30px|false|true&#8221; global_colors_info=&#8221;{%22gcid-9835d93e-354f-4cfe-9358-96477f1560f9%22:%91%22background_color%22,%22background_color%22,%22background_color%22%93}&#8221;][et_pb_column type=&#8221;1_4&#8243; _builder_version=&#8221;4.24.0&#8243; _module_preset=&#8221;default&#8221; custom_padding=&#8221;30px|3%|30px|3%|true|true&#8221; custom_padding_tablet=&#8221;0px|0%|0px|0%|true|true&#8221; custom_padding_phone=&#8221;0px|0%|0px|0%|true|true&#8221; custom_padding_last_edited=&#8221;on|tablet&#8221; global_colors_info=&#8221;{}&#8221;][et_pb_image src=&#8221;https:\/\/kodigo.wp.kukiko.com\/wp-content\/uploads\/sites\/3\/2023\/02\/school.jpg&#8221; title_text=&#8221;school&#8221; _builder_version=&#8221;4.24.0&#8243; _module_preset=&#8221;default&#8221; width_tablet=&#8221;40%&#8221; width_phone=&#8221;60%&#8221; width_last_edited=&#8221;on|phone&#8221; global_colors_info=&#8221;{}&#8221;][\/et_pb_image][\/et_pb_column][et_pb_column type=&#8221;1_2&#8243; _builder_version=&#8221;4.19.5&#8243; _module_preset=&#8221;default&#8221; custom_padding=&#8221;30px|0px|30px|0px|true|true&#8221; global_colors_info=&#8221;{}&#8221;][et_pb_text _builder_version=&#8221;4.24.0&#8243; _module_preset=&#8221;default&#8221; text_font_size=&#8221;16px&#8221; header_4_font_size=&#8221;19px&#8221; header_6_font_size=&#8221;16px&#8221; hover_enabled=&#8221;0&#8243; global_colors_info=&#8221;{}&#8221; sticky_enabled=&#8221;0&#8243;]<\/p>\n<h4>Trein e treiner supervisornan di k\u00f3digo<\/h4>\n<p>Di 8 \u2013 11 april 2024 e Landelijke Vereniging Aandachtsfunctionarissen Kindermishandeling en Relationeel Geweld (LVAK) ta duna un siguiente treinen na 15 treiner selekt\u00e1 komo supervisornan di k\u00f3digo na K\u00f2rsou.<\/p>\n<h4>Treinen supervisornan di k\u00f3digo<\/h4>\n<p>Den april\/mei 2024 e prom\u00e9 gruponan di supervisornan, pa medio di un treinen di tres dia, dor di e treinernan supervisornan di k\u05b6\u00f3digo, ta w\u00f2rdu prepar\u00e1 riba nan r\u00f2l komo supervisor.<\/p>\n<h4>Mesa di deliberashon: Kiko ta maltrato di mucha<\/h4>\n<p>Den mart\/april 2024 seshonnan di informashon interaktivo ta w\u00f2rdu organis\u00e1 pa profeshonalnan den e dominionan bienestar, ense\u00f1ansa, salubridat i seguridat pa por realis\u00e1 un bista kom\u00fan tokante maltrato di mucha, ku e resultado ku kasonan por w\u00f2rdu se\u00f1al\u00e1 mas mih\u00f3.<\/p>\n<h4>Mesa di deliberashon: Kiko ta violensia relashonal<\/h4>\n<p>Den mart\/april 2024 seshonnan di informashon interaktivo ta w\u00f2rdu organis\u00e1 dor di profeshonalnan den e dominionan bienestar, ense\u00f1ansa, salubridat i seguridat pa por realis\u00e1 un bista kom\u00fan tokante di violensia relashonal, ku e resultado ku kasonan por w\u00f2rdu se\u00f1al\u00e1 mas mih\u00f3.<\/p>\n<p>[\/et_pb_text][\/et_pb_column][et_pb_column type=&#8221;1_4&#8243; _builder_version=&#8221;4.19.5&#8243; _module_preset=&#8221;default&#8221; custom_padding=&#8221;30px|3%|0px|3%|false|true&#8221; custom_padding_tablet=&#8221;0px|0%||0%|false|true&#8221; custom_padding_phone=&#8221;0px|0%||0%|false|true&#8221; custom_padding_last_edited=&#8221;on|tablet&#8221; global_colors_info=&#8221;{}&#8221;][\/et_pb_column][\/et_pb_row][\/et_pb_section]<\/p>\n","protected":false},"excerpt":{"rendered":"<p>Profeshonalnan den v\u00e8lt ta w\u00f2rdu sosten\u00e9 na diferente manera den e introdukshon i aplikashon di e K\u00f3digo di Protekshon, entre otro dor di nombra Supervisornan di K\u00f3digo, organis\u00e1 treinennan, tayernan i seshonnan di informashon.Supervisornan di k\u00f3digo E supervisor di k\u00f3digo den un organisashon ta un speshalista riba e tereno di maltrato di mucha i violensia [&hellip;]<\/p>\n","protected":false},"author":6,"featured_media":1261,"parent":0,"menu_order":600,"comment_status":"closed","ping_status":"closed","template":"","meta":{"_et_pb_use_builder":"on","_et_pb_old_content":"","_et_gb_content_width":"","footnotes":""},"class_list":["post-1275","page","type-page","status-publish","has-post-thumbnail","hentry"],"_links":{"self":[{"href":"https:\/\/kodigodiprotekshon.com\/pap\/wp-json\/wp\/v2\/pages\/1275","targetHints":{"allow":["GET"]}}],"collection":[{"href":"https:\/\/kodigodiprotekshon.com\/pap\/wp-json\/wp\/v2\/pages"}],"about":[{"href":"https:\/\/kodigodiprotekshon.com\/pap\/wp-json\/wp\/v2\/types\/page"}],"author":[{"embeddable":true,"href":"https:\/\/kodigodiprotekshon.com\/pap\/wp-json\/wp\/v2\/users\/6"}],"replies":[{"embeddable":true,"href":"https:\/\/kodigodiprotekshon.com\/pap\/wp-json\/wp\/v2\/comments?post=1275"}],"version-history":[{"count":0,"href":"https:\/\/kodigodiprotekshon.com\/pap\/wp-json\/wp\/v2\/pages\/1275\/revisions"}],"wp:featuredmedia":[{"embeddable":true,"href":"https:\/\/kodigodiprotekshon.com\/pap\/wp-json\/wp\/v2\/media\/1261"}],"wp:attachment":[{"href":"https:\/\/kodigodiprotekshon.com\/pap\/wp-json\/wp\/v2\/media?parent=1275"}],"curies":[{"name":"wp","href":"https:\/\/api.w.org\/{rel}","templated":true}]}}